/(-15)) is divided by 5.
4
Suppose 48 - 174 = -6*s. What is the remainder when s is divided by 4?
1
What is the remainder when 591/18 + (-2)/12*-1 is divided by 16?
1
Suppose -4*i + 10 = i. Let s(j) = 4*j + 5. What is the remainder when 25 is divided by s(i)?
12
Let s(f) = -3*f - 5. Let c be s(-3). Suppose -3*m - 16 = -h, 2*h - c*m = m + 31. What is the remainder when 38 is divided by h?
12
Suppose 0*h - 78 = -3*h. Let b = h - -7. What is the remainder when 96 is divided by b?
30
Suppose 5*j - 4*x + 7 + 52 = 0, 0 = -j + x - 12. Let b = j - -57. Calculate the remainder when b is divided by 24.
22
Suppose 3*v - 4*v + 38 = 0. Let p be (-4)/(-6)*3/1. Suppose -a - v = -p*a. Calculate the remainder when a is divided by 13.
12
Let h = -19 + 34. What is the remainder when 28 is divided by h?
13
Suppose -4*p = -4*d - 168, d - 44 = -p - 0*d. Suppose h - 7 = 4. What is the remainder when p is divided by h?
10
Let b(k) = -2 + 2 - 2*k**2 + k + 2. Let o be b(2). Let u = o - -5. Calculate the remainder when u is divided by 1.
0
Suppose 2*b + 2*b = 224. What is the remainder when b is divided by 29?
27
Suppose -5*l = -l + 5*s - 168, -s = -3*l + 107. Suppose 3*z = -z + 3*t + 89, -3*z = 5*t - 45. Calculate the remainder when l is divided by z.
17
Suppose 4*p - 12 = 4. Suppose 4*i - 5*i - p = -3*n, -2*n = i + 24. Calculate the remainder when 19 is divided by ((-4)/6)/(i/168).
5
Suppose 0 = 3*c + 3*n - 23 - 34, 0 = 4*c - 4*n - 44. Suppose i = 2*i + c. Let f = 13 - i. Calculate the remainder when f is divided by 10.
8
Let j(v) = -v - 2. Let r be j(-5). Suppose -56 = w - r*w. What is the remainder when w is divided by ((-1)/(-3))/(((-5)/150)/(-1))?
8
Let n be (24/15)/(4/10). Suppose n = -3*v + 1. Calculate the remainder when 5 is divided by 4/((2 - 4)*v).
1
Let k = -17 - -56. What is the remainder when k is divided by ((-10)/(-2) + -2 - 2)*10?
9
Let z be 6/24 + 14/8. Suppose -z*h = -3*h + 56. What is the remainder when h is divided by 19?
18
Let n = 2 + -2. Suppose n = -t + 2 + 10. Let c(z) = z + 7. Calculate the remainder when t is divided by c(0).
5
Let a(k) = -k**2 - k + 7. Suppose 11 = -c - 0*c. Let u = c + 30. Calculate the remainder when u is divided by a(0).
5
Let i(k) = -25*k - 4. Let b(m) = -8*m - 1. Let a(s) = -14*b(s) + 4*i(s). Calculate the remainder when a(7) is divided by 28.
26
Let x = -239 - -248. Calculate the remainder when (-194)/(-6) - 2/(-3) is divided by x.
6
Let x(z) = -2*z - 5. Suppose 0 = -2*a - 3*a - 25. Let g be x(a). Suppose g*c - 9*c = -76. What is the remainder when 36 is divided by c?
17
Calculate the remainder when 242/6 - (-3 + (-14)/(-6)) is divided by 11.
8
Let j = -18 + 39. Let y(o) = 2*o - 6. What is the remainder when j is divided by y(6)?
3
Suppose 2*q = -3*n - 3*q + 318, -9 = -3*q. Calculate the remainder when n is divided by 22.
13
Let k(s) = s**3 + 13*s**2 + 13*s. What is the remainder when k(-11) is divided by 50?
49
Let y(o) = -o**3 + 14. Let f be y(0). Suppose 2*j - j = 30. Calculate the remainder when j is divided by 16/(-2)*f/(-7).
14
Suppose 4*q = 2*k - 32, -2*q = -2*k + 10 + 24. Let m = -15 + 20. What is the remainder when k is divided by m?
3
Let n(m) = m**2 + 5*m + 10. What is the remainder when 127 is divided by n(-6)?
15
Suppose -u = 3*u - 84. Calculate the remainder when u is divided by 12.
9
Suppose 2*r - 28 = -3*p + p, 3*r = -2*p + 45. What is the remainder when 63 is divided by r?
12
Suppose 0*i - 4*i - 64 = 0. Let l = i - -84. Calculate the remainder when l is divided by 23.
22
Let j = -6 - -10. What is the remainder when ((-6)/(-4)*-1)/((-12)/144) is divided by j?
2
Suppose x - 16 = -x. Let l be (4 - 3)*(-1 + 2). What is the remainder when 16 - (0 + 2 - l) is divided by x?
7
Let o = 18 - 16. Let i be (-1 - (-58)/6)*3. Suppose -i + 6 = -4*r. Calculate the remainder when r is divided by o.
1
Let j(u) = 2*u**3 + 2*u**2 - 5*u. Let t = -7 + 27. What is the remainder when j(3) is divided by t?
17
Let z(a) = a**3 + 7*a**2 + 6*a - 6. Let r be (-4)/(-14) + 93/(-7). Let c = r + 8. Calculate the remainder when 26 is divided by z(c).
12
Let w(x) = x**3 - 5*x**2 - 7*x + 9. Suppose -5*v = 5*r - 45, v - 12 = -3*v + 4*r. Suppose -p - 1 + 4 = 0. Calculate the remainder when p is divided by w(v).
0
Let l(f) = f**3 + 5*f**2 - 2*f - 3. What is the remainder when 25 is divided by l(-5)?
4
Let y(g) = g**2 - 12*g - 10. What is the remainder when 0 - 6/((-3)/3) is divided by y(13)?
0
Let n(g) = 7*g + 1. Let u(z) = -z**2 - 7*z + 2. Calculate the remainder when n(2) is divided by u(-6).
7
Suppose 4*x = 5*y - 102 + 32, 0 = 4*y - 2*x - 56. Calculate the remainder when 39 is divided by y.
11
What is the remainder when 108*2/(32/20) is divided by 46?
43
Suppose 2 - 20 = -y. Let i = 6 + -3. Suppose -2*x + 11 + i = 0. Calculate the remainder when y is divided by x.
4
Calculate the remainder when 26 is divided by 15 - 4 - (3 + -2).
6
Let h(v) = -3*v**3 - 13*v**2 + 4*v - 18. Let p(a) = 2*a**3 + 6*a**2 - 2*a + 9. Let w(c) = -3*h(c) - 5*p(c). Calculate the remainder when w(7) is divided by 24.
21
Let y = -2 + 25. Let q(u) = u - 4. Let d be q(6). Suppose -12 - 12 = -d*c. What is the remainder when y is divided by c?
11
Let m(s) = 1 + 4*s + 2 - 1 + 4*s**2. Calculate the remainder when 27 is divided by m(-2).
7
Suppose -22*i = -20*i - 30. Calculate the remainder when 72 is divided by i.
12
Suppose -95 = -5*b + 5*d, -b + 3 = 4*d - 1. Let x = 498 - 454. What is the remainder when x is divided by b?
12
Let u = 28 + -24. Calculate the remainder when (-25)/(-2) - (-3)/(-2) is divided by u.
3
Let a = -3 - -6. Suppose a*w - 9 = 21. What is the remainder when 29 is divided by w?
9
Suppose 3*a - 5*w - 130 = 0, -2*a + 116 = -0*a + 4*w. What is the remainder when a is divided by 26?
24
Let v(z) = z**3 + 6*z**2 + 5*z + 5. Let a be v(-5). Suppose 0 = -a*b - 8 - 12, 5*k - 160 = 5*b. Calculate the remainder when k is divided by 15.
13
Let z(t) be the second derivative of -t**5/20 + t**4/2 - 5*t**3/6 - t**2/2 - 3*t. Suppose -4*m = -9*m + 155. Calculate the remainder when m is divided by z(4).
9
Let u(m) = m**2 + 2*m + 7. What is the remainder when u(0) is divided by 3?
1
Let q(l) = -l**3 - 13. Let b be q(0). Calculate the remainder when 19 is divided by (-372)/(-52) - (-2)/b.
5
Suppose -125 = 13*c - 580. Calculate the remainder when c is divided by 6.
5
Let f(h) = -4*h**2 - 5*h + 2. Let x(z) = 4*z**2 + 5*z - 2. Let u(q) = -3*f(q) - 2*x(q). What is the remainder when u(3) is divided by 13?
10
Let a be 3/2*(-40)/(-15). Suppose -2*z = a, 2*d + 5*z - 8 = 10. Calculate the remainder when 41 is divided by d.
13
Suppose -k + 2*k = 10. Suppose 3*z + 72 + 63 = 0. What is the remainder when z/(3 - 6) + 2 is divided by k?
7
Let h = 30 - 22. Calculate the remainder when 17 is divided by h.
1
Suppose 80 = 5*y - 5*m, -2*m = 7 - 3. Let t(u) = 18*u - 1. What is the remainder when t(3) is divided by y?
11
Let j = -21 + 110. What is the remainder when j is divided by 13?
11
Let t(n) = 8*n - 71. Calculate the remainder when t(11) is divided by 5.
2
Suppose -44 = 5*w + 51. Let c = 133 + w. Suppose 0 = -5*g - h + c, 3 = h + 4. Calculate the remainder when g is divided by 12.
11
Let m be (-6)/(-5) + (-6)/30. Calculate the remainder when 19 is divided by (18 + -13)/(m/2).
9
Suppose 4*x + 425 = 9*x. Calculate the remainder when x is divided by 22.
19
What is the remainder when -12*(-2 - 2)/4*2 is divided by 12?
0
Suppose -84 = 25*u - 31*u. Calculate the remainder when 20 is divided by u.
6
Let k = 5 + -3. Suppose 2*h + 2*h - 46 = 5*p, k*p + 32 = 5*h. Calculate the remainder when 26 is divided by (3/6 + -2)*p.
8
Suppose -i - a + 1 - 2 = 0, -3*a = 5*i - 1. What is the remainder when 13 is divided by 3 + 2/(i/1)?
1
Let h(v) = -3*v**3 - v**2 - 2. Suppose -2 + 0 = q. What is the remainder when 33 is divided by h(q)?
15
Let n(t) = 3*t**2 - 4*t + 2. Suppose 23 = 3*w - 7. Calculate the remainder when n(4) is divided by (-15)/(-2)*24/w.
16
What is the remainder when 1 - 1 - (45/(-3) + 2) is divided by 7?
6
Suppose 3*o + 46 = -5*h, -4 - 14 = 3*h - 3*o. Let p = 12 - h. Calculate the remainder when p is divided by ((56/(-3))/(-4))/(6/9).
6
Let f be 2/8 - 4/16. Suppose 2*d - d - 17 = f. Calculate the remainder when 10 is divided by d/3 + 4/12.
4
Calculate the remainder when -4 + 7 + -3 + 35 i